e remainder when h is divided by z.
15
Suppose 3*o + 9 = 24. Let b(d) = -2*d**2 + d. Let f be b(2). What is the remainder when f/(-5)*(-40)/(-6) is divided by o?
3
Suppose 12 = 2*i - 20. Calculate the remainder when 42 is divided by i.
10
Suppose 21 = 4*j + c, -3*j + 12 + 0 = -3*c. Suppose -5*t = 20, -5*r + 3*t + 2*t = -70. Suppose -5*p + r = -30. Calculate the remainder when p is divided by j.
3
Let r = -93 + 101. Calculate the remainder when 26 is divided by r.
2
Let m = 51 + -42. Calculate the remainder when 26 is divided by m.
8
Let d = 0 + 4. Suppose d*m = -4 + 68. Suppose 0 = -2*y + m - 2. What is the remainder when y is divided by 2?
1
Suppose 0 = -0*z - z - b + 72, -b - 354 = -5*z. What is the remainder when z is divided by 19?
14
Let d = 73 + -43. Let o(t) = t**3 + 3*t**2 - 3*t - 2. Calculate the remainder when d is divided by o(-2).
6
Suppose 2*j + 2*v = 6*j - 6, -6 = -2*j + 4*v. What is the remainder when 17 is divided by j/(-2)*(-12)/1?
5
Let o(w) = -43*w**3 - 2*w**2 + 2*w + 2. Suppose 2 - 19 = 3*l + 5*v, -l = 5*v + 19. What is the remainder when o(-1) is divided by (2 + l)*(-28)/(-6)?
13
Suppose 48 = 4*b - b. Let j = 0 - -9. Calculate the remainder when b is divided by j.
7
Let l(r) = 37*r**3 - 2*r**2 + 2*r - 1. Calculate the remainder when l(1) is divided by 13.
10
Let u(n) = -21*n - 2. Suppose 2*h = 4 + 4. Suppose h*c - 42 = c. Calculate the remainder when u(-2) is divided by c.
12
Let y(i) = -9*i + 5. What is the remainder when y(-1) is divided by 4?
2
Let k(j) = -j - 4. Let t(v) = -v. Let c be t(8). Let z be k(c). Suppose 0*n + 2*n - z = 0. What is the remainder when 3 is divided by n?
1
Suppose -2*a - 65 = -7*a. Calculate the remainder when 35 is divided by a.
9
Suppose -6 = -4*i - 2. Let x be 1 + (1 - (-17)/i). Suppose 44 + x = 3*v. What is the remainder when v is divided by 11?
10
Let m = 10 - 8. Suppose 60 = 3*s - 3*o, m*s + 3*o - 41 = 4*o. What is the remainder when 41 is divided by s?
20
Calculate the remainder when 39 is divided by (3 - 7)*10/(-4).
9
Suppose 5*n + 20 = 0, 5*i + n + n = 7. What is the remainder when 7 + (i + -3)/1 is divided by 4?
3
Let v(h) = -8*h + 1. Let s be v(-3). Let m = 43 - s. Calculate the remainder when 33 is divided by m.
15
Let j = 41 - -1. Calculate the remainder when j is divided by 11.
9
Suppose -16 = -5*p + 4*k + 14, -p = 2*k + 8. Let d be p + 0 + -2 + 2. Suppose -v - d*v = -51. Calculate the remainder when 33 is divided by v.
16
Suppose 2*h + 21 = -h. Let d = h - -12. Calculate the remainder when 14 is divided by d.
4
Let g be (-8)/6*(-63)/7. What is the remainder when 12 is divided by 1*(-4 + -1 + g)?
5
Let d be (-4)/(-6) + (-484)/6. Let b = d - -149. Calculate the remainder when b is divided by 18.
15
Suppose -3*b = 3*g - b - 136, 2*b = g - 40. Calculate the remainder when g is divided by 23.
21
Suppose 5*y - 25 = -s + 48, y - 23 = 4*s. What is the remainder when 28 is divided by y?
13
Suppose 0*k + 3*k = -27. Calculate the remainder when 30 is divided by -2*((0 - -1) + k).
14
Let r = -1 + 3. Let f(i) = i**3 - 6*i**2 + 6*i - 2. Let l be f(5). What is the remainder when 2 - -1*(-2 + l) is divided by r?
1
Suppose -17 = 3*z - 5*l, -z + 3*z - l + 2 = 0. Let i = z - 6. Calculate the remainder when (-752)/(-20) - (-3)/i is divided by 13.
11
Let i(y) = -y**2 - 10*y - 6. Suppose 19 = 2*b - 4*d + 1, -3*d = b + 16. Calculate the remainder when i(-6) is divided by 1 + -1 + b + 11.
8
Calculate the remainder when 164 is divided by (-424)/(-10) - 10/25.
38
Suppose 0 = -5*b - 3*v + 56, 3*v - 36 = -2*b - b. Calculate the remainder when 38 is divided by b.
8
Let l(n) = -n**3 - n**2 + 4*n + 5. Let m(u) = -u**2 - 6*u - 5. Let w be m(-5). Suppose -x + w*x = -21. Calculate the remainder when x is divided by l(-3).
10
Suppose n + 2*n - 174 = 0. What is the remainder when n is divided by 10?
8
Let r(v) = 3*v**2 + 4*v. Let o(u) = -u - 1. What is the remainder when r(3) is divided by o(-11)?
9
Let r(j) = j**3 - 6*j**2 + j - 1. Let k be (-104)/(-18) - (-2)/9. Calculate the remainder when r(k) is divided by 2.
1
Let z(k) = 6*k - 5. Let r be (-6)/10*(-1 - 4). What is the remainder when z(7) is divided by (-1)/r + (-40)/(-3)?
11
Suppose 23 = -a + 3*p, 2*a = p - 14 - 27. Let x = -5 - a. Calculate the remainder when 27 is divided by x.
12
Let n(w) = -6*w. What is the remainder when 68 is divided by n(-3)?
14
Let v(a) = a**2 + 9*a + 2. Let c be v(-8). Let s(u) = -u - u - 3*u - 5. Calculate the remainder when s(c) is divided by 9.
7
Let l(z) = z - 6. Let w(s) = 9*s**3 - s. Let x be w(-1). Let d = -1 - x. What is the remainder when 1 is divided by l(d)?
0
Suppose -308 = -5*s + 5*u - 58, -4*s = u - 220. Suppose 0*y + 2*y = s. Let n = y + -9. What is the remainder when 71 is divided by n?
17
Let g = 84 + -43. Let c be 16/5 - (-2)/(-10). Suppose 5*t - 74 = -2*v, -c*t - 4*v = -2*t - 22. What is the remainder when g is divided by t?
13
Let b = 14 + -9. Let m be (4/3)/((-3)/9). Let k(z) = -z**2 - 4*z + 3. Calculate the remainder when b is divided by k(m).
2
Suppose 10 = 2*c - 8. Suppose 0 = 5*p - 10 - 10. Suppose 0 = -p*s + 5 + 59. Calculate the remainder when s is divided by c.
7
Suppose s + 3 = 11. Calculate the remainder when s is divided by 6.
2
Suppose -20*o + 117 = -19*o. Calculate the remainder when o is divided by 20.
17
Suppose 2 = 3*r - 1. Let p be (-1 - -20 - r) + -2. Calculate the remainder when 29 is divided by (-5)/1*p/(-10).
5
Suppose 6*a - a + 3*i - 307 = 0, -3*a + 189 = 3*i. Calculate the remainder when a is divided by 15.
14
Suppose 4*v = -20, -48 = -l + 5*v - 12. Suppose 4*f + 4*b - 80 = 0, 3*f = f + 5*b + 47. Calculate the remainder when f is divided by l.
10
Let k(b) = -b**2 - 17*b + 15. Let y be k(-17). Let f(n) = n**2 + 3*n + 2. Let x be f(-2). Suppose i = -x*i + y. What is the remainder when i is divided by 8?
7
Let z(k) = -k**3 - 6*k**2 - 2*k - 8. Let l(r) = r**2 + 8*r + 6. Let d be l(-6). What is the remainder when 19 is divided by z(d)?
3
Suppose -5*w - 10 = 0, -w + 7 = -5*d - 2*w. Let o be d + -1 - 40/(-5). Suppose 2*a = a + o. What is the remainder when 16 is divided by a?
4
Let r be 42/70 - 17/(-5). Suppose 2*x + 40 = r*x. What is the remainder when 77 is divided by x?
17
Suppose -5*w = 5*q - 2*q - 15, 0 = 2*q. What is the remainder when 6 is divided by w?
0
Let y be -2 - (-3)/((-9)/(-21)). Let v(i) = -4*i**2 + 8 - 8*i + 3*i**2 + y. Calculate the remainder when 6 is divided by v(-9).
2
Let f be ((-12)/8)/(1/16). Let g = 34 + f. Suppose g = u - 11. What is the remainder when 61 is divided by u?
19
Let z = -5 - -9. Suppose -3*b = 5*g - 131, -3*g - z*b + 87 = 4. Let t(w) = -3*w - 2. What is the remainder when g is divided by t(-5)?
12
Let b be (1 + -2)/(3/(-6)). Suppose 5*o = -2*p + 19, 10 = b*p - p + 3*o. Let i = -14 - -34. Calculate the remainder when i is divided by p.
6
Suppose 2*b + k = -2*b + 18, -16 = -2*b - 4*k. Suppose u - 14 - b = 0. What is the remainder when u is divided by 5?
3
Let j = 56 + -40. Let a(b) = -b**3 + 6*b**2 + 3*b + 6. Suppose -11 + 1 = -2*l. What is the remainder when a(l) is divided by j?
14
Suppose 4*j = -2*s + 199 - 7, 0 = j + 5. What is the remainder when s is divided by 36?
34
What is the remainder when 54 is divided by 2/(-11) + ((-600)/(-33) - 4)?
12
Suppose 156 = w + 2*w. What is the remainder when w is divided by 14?
10
Suppose 3*n - 3 = -3*p, n - p - 6 - 3 = 0. Let h(z) be the first derivative of -z**2/2 + 9*z - 3. Calculate the remainder when h(0) is divided by n.
4
Let v be 30 - 4/(-1 + 3). Let y = 54 - v. Calculate the remainder when y is divided by 9.
8
Let j = -40 - -81. What is the remainder when 162 is divided by j?
39
Let j(w) = 2*w**2 + 5*w + 3. Let v(d) = d - 7. Let g be v(4). Calculate the remainder when 10 is divided by j(g).
4
Let o(m) = m**2 + 5*m + 3. Let q be o(-5). Let i(c) = 31*c**2 - 2*c. Let x be i(-2). What is the remainder when x/q + (-3)/(-9) is divided by 15?
13
Suppose -4*l = -5*l + 6. Let u be 0/(4/(l/(-3))). Suppose 0*d + d - 6 = u. Calculate the remainder when 10 is divided by d.
4
Let m = 2 - -2. Suppose -m*r - 2*n = -130, 2*r = -r - 2*n + 96. Suppose -4 = 2*q - r. Calculate the remainder when 28 is divided by q.
13
Suppose 0 = 2*d - 7*d + 75. What is the remainder when 43 is divided by d?
13
Let s = -7 + 11. Calculate the remai